981
List the prime factors of 55488863.
37, 1499699
List the prime factors of 105928394.
2, 11, 13, 17, 21787
List the prime factors of 15956374.
2, 7, 1139741
What are the prime factors of 4082022315?
3, 5, 7, 421, 30781
List the prime factors of 3404203193.
29, 117386317
What are the prime factors of 945874085?
5, 13, 14551909
List the prime factors of 3610422490.
2, 5, 4507, 80107
What are the prime factors of 104575987?
47, 2225021
What are the prime factors of 2470796965?
5, 7, 13, 23, 179, 1319
List the prime factors of 49438013.
397, 124529
List the prime factors of 226434173.
7, 43, 752273
List the prime factors of 2194846.
2, 1097423
List the prime factors of 2427882995.
5, 47, 367, 28151
List the prime factors of 5889074180.
2, 5, 11, 397, 67427
What are the prime factors of 258470614?
2, 263, 383, 1283
What are the prime factors of 437160167?
79, 5533673
List the prime factors of 223115240.
2, 5, 601, 9281
What are the prime factors of 143760530?
2, 5, 61, 235673
List the prime factors of 5381792150.
2, 5, 7, 15376549
List the prime factors of 1171006018.
2, 7, 13, 163, 5639
List the prime factors of 1183057.
1183057
List the prime factors of 465687831.
3, 7, 23, 337, 2861
What are the prime factors of 5131266635?
5, 11, 19, 258437
List the prime factors of 42953720.
2, 5, 149, 7207
List the prime factors of 682752162.
2, 3, 29, 3923863
List the prime factors of 3946023157.
3946023157
List the prime factors of 12747599.
59, 216061
List the prime factors of 440206461.
3, 71, 277, 829
List the prime factors of 586882227.
3, 131, 1493339
List the prime factors of 858623984.
2, 19, 2824421
What are the prime factors of 37935048?
2, 3, 1580627
List the prime factors of 53695278.
2, 3, 7, 13, 223
What are the prime factors of 8047806232?
2, 1005975779
List the prime factors of 772600224.
2, 3, 11, 17, 43037
List the prime factors of 626949060.
2, 3, 5, 10449151
What are the prime factors of 252423557?
252423557
List the prime factors of 20135967.
3, 6711989
List the prime factors of 101495037.
3, 7, 1483, 3259
List the prime factors of 470059986.
2, 3, 11, 7122121
List the prime factors of 162661972.
2, 11, 3696863
List the prime factors of 4330494877.
19, 227920783
List the prime factors of 47124261.
3, 53, 3659
List the prime factors of 439367461.
13, 33797497
What are the prime factors of 1421816594?
2, 11, 397, 162791
What are the prime factors of 1428499202?
2, 13, 701, 6029
List the prime factors of 455953615.
5, 13, 7014671
List the prime factors of 318648258.
2, 3, 1907, 9283
What are the prime factors of 978680274?
2, 3, 11, 13, 241, 4733
What are the prime factors of 332353959?
3, 7, 15826379
List the prime factors of 450817440.
2, 3, 5, 939203
What are the prime factors of 6118373355?
3, 5, 17, 23993621
What are the prime factors of 1088967793?
17, 64056929
What are the prime factors of 5211715?
5, 41, 25423
List the prime factors of 211628340.
2, 3, 5, 7, 11, 15269
What are the prime factors of 46506020?
2, 5, 11, 137, 1543
What are the prime factors of 1755578756?
2, 67, 89, 827
What are the prime factors of 80002844?
2, 19, 647, 1627
List the prime factors of 346489384.
2, 43311173
List the prime factors of 232664553.
3, 11, 59, 61, 653
What are the prime factors of 335024379?
3, 37224931
List the prime factors of 36731974.
2, 191, 96157
What are the prime factors of 923404203?
3, 71, 1445077
List the prime factors of 4428717779.
4428717779
List the prime factors of 62160577.
769, 80833
List the prime factors of 159937922.
2, 79968961
What are the prime factors of 4683453?
3, 1561151
List the prime factors of 581360541.
3, 67, 2892341
List the prime factors of 877586624.
2, 229, 59879
What are the prime factors of 142794624?
2, 3, 7, 7589
What are the prime factors of 33332?
2, 13, 641
List the prime factors of 3043527268.
2, 157, 881, 5501
What are the prime factors of 300205688?
2, 59, 79, 83, 97
List the prime factors of 108669990.
2, 3, 5, 11, 13, 73, 347
What are the prime factors of 266658880?
2, 5, 833309
What are the prime factors of 12386228?
2, 151, 20507
What are the prime factors of 1412439695?
5, 282487939
What are the prime factors of 1003679234?
2, 501839617
What are the prime factors of 3195274422?
2, 3, 19, 28028723
List the prime factors of 12439276.
2, 3109819
List the prime factors of 553886635.
5, 110777327
List the prime factors of 1305711267.
3, 7, 62176727
List the prime factors of 753826801.
7, 13, 17, 487283
What are the prime factors of 656974911?
3, 17, 239, 53899
List the prime factors of 2779883698.
2, 727, 1911887
List the prime factors of 47558123.
31, 1534133
What are the prime factors of 8637977?
149, 57973
What are the prime factors of 294444898?
2, 11, 13383859
List the prime factors of 13145542.
2, 199, 33029
List the prime factors of 1167973698.
2, 3, 194662283
List the prime factors of 2140912779.
3, 167, 277, 15427
What are the prime factors of 79345594?
2, 39672797
List the prime factors of 3415864539.
3, 1138621513
What are the prime factors of 221893610?
2, 5, 2293, 9677
List the prime factors of 690639221.
690639221
What are the prime factors of 723557882?
2, 361778941
What are the prime factors of 59647448?
2, 7, 1065133
What are the prime factors of 219741732?
2, 3, 7, 47, 18553
List the prime factors of 529343590.
2, 5, 52934359
List the prime factors of 86218074.
2, 3, 1596631
List the prime factors of 317396218.
2, 1787, 88807
What are the prime factors of 271484489?
271484489
List the prime factors of 702145160.
2, 5, 17553629
What are the prime factors of 410124404?
2, 3517, 29153
List the prime factors of 317796460.
2, 5, 79, 197, 1021
List the prime factors of 228255212.
2, 347, 164449
List the prime factors of 196505899.
196505899
List the prime factors of 213064716.
2, 3, 263, 67511
What are the prime factors of 345895519?
345895519
List the prime factors of 4373572900.
2, 5, 1637, 26717
What are the prime factors of 174988477?
174988477
List the prime factors of 1867858941.
3, 13, 29, 1651511
List the prime factors of 124128994.
2, 11, 5642227
List the prime factors of 13656078.
2, 3, 758671
What are the prime factors of 151868313?
3, 37, 456061
What are the prime factors of 10810597?
7, 79, 113, 173
List the prime factors of 103680543.
3, 47, 829, 887
List the prime factors of 229602117.
3, 76534039
What are the prime factors of 15854689?
15854689
List the prime factors of 3053447594.
2, 1303, 1171699
What are the prime factors of 937816736?
2, 29306773
What are the prime factors of 108985540?
2, 5, 563, 9679
What are the prime factors of 1008334195?
5, 11, 313, 58573
What are the prime factors of 4743722680?
2, 5, 103, 1151389
What are the prime factors of 284332035?
3, 5, 13, 1458113
List the prime factors of 105581449.
105581449
What are the prime factors of 1221387401?
13, 109, 563, 1531
List the prime factors of 106436902.
2, 11, 13, 29, 41, 313
List the prime factors of 34246481.
3313, 10337
What are the prime factors of 2707952863?
7, 11, 23, 1529053
What are the prime factors of 191590197?
3, 103, 620033
List the prime factors of 4225271737.
19, 2887, 77029
What are the prime factors of 37351764?
2, 3, 61, 73, 233
What are the prime factors of 188677159?
11, 67, 3821
What are the prime factors of 204833592?
2, 3, 2844911
What are the prime factors of 193031664?
2, 3, 7, 37, 15527
List the prime factors of 61311533.
4391, 13963
List the prime factors of 841071760.
2, 5, 2423, 4339
What are the prime factors of 451582961?
547, 787, 1049
List the prime factors of 22957914.
2, 3, 7, 546617
What are the prime factors of 103735859?
3019, 34361
List the prime factors of 3987047.
337, 11831
What are the prime factors of 95217387?
3, 31739129
What are the prime factors of 58369584?
2, 3, 7, 13, 23, 83
List the prime factors of 2985854135.
5, 11, 23, 139, 16981
What are the prime factors of 3210480837?
3, 269, 1326097
List the prime factors of 244987164.
2, 3, 113, 60223
List the prime factors of 115763074.
2, 7, 59, 269, 521
List the prime factors of 58061807.
769, 75503
What are the prime factors of 110166357?
3, 7, 749431
What are the prime factors of 54341100?
2, 3, 5, 11, 499
What are the prime factors of 1103015774?
2, 7, 31, 67, 5419
List the prime factors of